{"id":34,"date":"2020-06-01T17:53:11","date_gmt":"2020-06-01T20:53:11","guid":{"rendered":"http:\/\/juanjaula.cl\/?page_id=34"},"modified":"2025-08-07T22:08:56","modified_gmt":"2025-08-07T22:08:56","slug":"concomitancias","status":"publish","type":"page","link":"https:\/\/www.juanjaula.cl\/","title":{"rendered":"CONCOMITANCIA(S)"},"content":{"rendered":"\n<figure class=\"wp-block-image size-large\"><img loading=\"lazy\" decoding=\"async\" width=\"1024\" height=\"567\" src=\"https:\/\/www.juanjaula.cl\/wp-content\/uploads\/2025\/07\/06-1024x567.png\" alt=\"\" class=\"wp-image-89\" srcset=\"https:\/\/www.juanjaula.cl\/wp-content\/uploads\/2025\/07\/06-1024x567.png 1024w, https:\/\/www.juanjaula.cl\/wp-content\/uploads\/2025\/07\/06-300x166.png 300w, https:\/\/www.juanjaula.cl\/wp-content\/uploads\/2025\/07\/06-768x425.png 768w, https:\/\/www.juanjaula.cl\/wp-content\/uploads\/2025\/07\/06.png 1351w\" sizes=\"auto, (max-width: 1024px) 100vw, 1024px\" \/><\/figure>\n\n\n\n<h4 class=\"wp-block-heading\"><em>\u201cEl arte no es algo que haga una sola persona, sino un proceso puesto en movimiento por muchos\u201d<\/em>. <em>(John Cage)<\/em><\/h4>\n\n\n\n<h4 class=\"wp-block-heading\">&nbsp;<\/h4>\n\n\n\n<h4 class=\"wp-block-heading\">Este proyecto pretende indagar en la concepci\u00f3n de lo comunitario como sujetos insertos en un proceso de creciente individualizaci\u00f3n. En las culturas milenarias lo habitado se materializaba en un centro com\u00fan, una referencia tanto al s\u00edmbolo at\u00e1vico del fuego como a la par\u00e1bola de la caverna de Plat\u00f3n.<\/h4>\n\n\n\n<figure class=\"wp-block-embed is-type-video is-provider-vimeo wp-block-embed-vimeo wp-embed-aspect-16-9 wp-has-aspect-ratio\"><div class=\"wp-block-embed__wrapper\">\n<iframe loading=\"lazy\" title=\"Concomitancia(s) - Colectivo Juan Jaula\" src=\"https:\/\/player.vimeo.com\/video\/1065687949?dnt=1&amp;app_id=122963\" width=\"500\" height=\"281\" frameborder=\"0\" allow=\"autoplay; fullscreen; picture-in-picture; clipboard-write; encrypted-media; web-share\" referrerpolicy=\"strict-origin-when-cross-origin\"><\/iframe>\n<\/div><\/figure>\n\n\n\n<h4 class=\"wp-block-heading\">Mediante la creaci\u00f3n de un espacio conc\u00e9ntrico, se busca evidenciar la individualidad del sujeto ante la carencia de un habitar comunitario. Dicho espacio \u2500que permanece en total oscuridad\u2500 s\u00f3lo se activa cuando el individuo interact\u00faa en la sala, activando \u2013con su movimiento- la luz y el sonido de cada p\u00e9ndulo a medida que observa la proyecci\u00f3n de su cuerpo en un paisaje din\u00e1mico que traduce la(s) sombra(s) en huella(s) variable(s).<\/h4>\n\n\n\n<figure class=\"wp-block-image size-large is-resized\"><img loading=\"lazy\" decoding=\"async\" width=\"1024\" height=\"580\" src=\"https:\/\/www.juanjaula.cl\/wp-content\/uploads\/2025\/07\/Captura-de-pantalla-2015-11-30-23.49.40-1024x580.jpg\" alt=\"\" class=\"wp-image-85\" style=\"aspect-ratio:4\/3;object-fit:cover;width:1340px\" srcset=\"https:\/\/www.juanjaula.cl\/wp-content\/uploads\/2025\/07\/Captura-de-pantalla-2015-11-30-23.49.40-1024x580.jpg 1024w, https:\/\/www.juanjaula.cl\/wp-content\/uploads\/2025\/07\/Captura-de-pantalla-2015-11-30-23.49.40-300x170.jpg 300w, https:\/\/www.juanjaula.cl\/wp-content\/uploads\/2025\/07\/Captura-de-pantalla-2015-11-30-23.49.40-768x435.jpg 768w, https:\/\/www.juanjaula.cl\/wp-content\/uploads\/2025\/07\/Captura-de-pantalla-2015-11-30-23.49.40.jpg 1340w\" sizes=\"auto, (max-width: 1024px) 100vw, 1024px\" \/><\/figure>\n\n\n\n<h4 class=\"wp-block-heading\">La condici\u00f3n inicial de la sala es oscuridad y pulsi\u00f3n pendular continua y la condici\u00f3n \u00f3ptima resulta de la activaci\u00f3n de los 8 dispositivos simult\u00e1neamente. Es en su condici\u00f3n \u00f3ptima de activaci\u00f3n cuando se crea un escenario liberado de la individualidad del sujeto a trav\u00e9s del desvanecimiento progresivo de las sombras. La manifestaci\u00f3n lum\u00ednica de la totalidad del espacio y la construcci\u00f3n sonora de los 16 tonos puros, se manifiestan como ejes constitutivos de la proximidad con el otro.<\/h4>\n\n\n\n<figure class=\"wp-block-image size-large\"><img loading=\"lazy\" decoding=\"async\" width=\"1024\" height=\"575\" src=\"https:\/\/www.juanjaula.cl\/wp-content\/uploads\/2025\/07\/CONCOMITANCIAS-MACArchivo2-1024x575.jpg\" alt=\"\" class=\"wp-image-84\" srcset=\"https:\/\/www.juanjaula.cl\/wp-content\/uploads\/2025\/07\/CONCOMITANCIAS-MACArchivo2-1024x575.jpg 1024w, https:\/\/www.juanjaula.cl\/wp-content\/uploads\/2025\/07\/CONCOMITANCIAS-MACArchivo2-300x169.jpg 300w, https:\/\/www.juanjaula.cl\/wp-content\/uploads\/2025\/07\/CONCOMITANCIAS-MACArchivo2-768x432.jpg 768w, https:\/\/www.juanjaula.cl\/wp-content\/uploads\/2025\/07\/CONCOMITANCIAS-MACArchivo2.jpg 1358w\" sizes=\"auto, (max-width: 1024px) 100vw, 1024px\" \/><\/figure>\n\n\n\n<figure class=\"wp-block-image size-full\"><img loading=\"lazy\" decoding=\"async\" width=\"960\" height=\"960\" src=\"https:\/\/www.juanjaula.cl\/wp-content\/uploads\/2025\/07\/12289460_707008256066527_3784598291373253498_n.jpg\" alt=\"\" class=\"wp-image-87\" srcset=\"https:\/\/www.juanjaula.cl\/wp-content\/uploads\/2025\/07\/12289460_707008256066527_3784598291373253498_n.jpg 960w, https:\/\/www.juanjaula.cl\/wp-content\/uploads\/2025\/07\/12289460_707008256066527_3784598291373253498_n-300x300.jpg 300w, https:\/\/www.juanjaula.cl\/wp-content\/uploads\/2025\/07\/12289460_707008256066527_3784598291373253498_n-150x150.jpg 150w, https:\/\/www.juanjaula.cl\/wp-content\/uploads\/2025\/07\/12289460_707008256066527_3784598291373253498_n-768x768.jpg 768w\" sizes=\"auto, (max-width: 960px) 100vw, 960px\" \/><\/figure>\n\n\n\n<figure class=\"wp-block-embed is-type-video is-provider-vimeo wp-block-embed-vimeo wp-embed-aspect-16-9 wp-has-aspect-ratio\"><div class=\"wp-block-embed__wrapper\">\n<iframe loading=\"lazy\" title=\"Montaje Concomitancia(s) (2015)\" src=\"https:\/\/player.vimeo.com\/video\/147274104?dnt=1&amp;app_id=122963\" width=\"500\" height=\"281\" frameborder=\"0\" allow=\"autoplay; fullscreen; picture-in-picture; clipboard-write; encrypted-media; web-share\" referrerpolicy=\"strict-origin-when-cross-origin\"><\/iframe>\n<\/div><\/figure>\n","protected":false},"excerpt":{"rendered":"<p>\u201cEl arte no es algo que haga una sola persona, sino un proceso puesto en movimiento por muchos\u201d. (John Cage) &nbsp; Este proyecto pretende indagar en la concepci\u00f3n de lo comunitario como sujetos insertos en un proceso de creciente individualizaci\u00f3n. En las culturas milenarias lo habitado se materializaba en un centro com\u00fan, una referencia tanto [&hellip;]<\/p>\n","protected":false},"author":2,"featured_media":0,"parent":0,"menu_order":0,"comment_status":"closed","ping_status":"closed","template":"","meta":{"footnotes":""},"class_list":["post-34","page","type-page","status-publish","hentry"],"_links":{"self":[{"href":"https:\/\/www.juanjaula.cl\/index.php?rest_route=\/wp\/v2\/pages\/34","targetHints":{"allow":["GET"]}}],"collection":[{"href":"https:\/\/www.juanjaula.cl\/index.php?rest_route=\/wp\/v2\/pages"}],"about":[{"href":"https:\/\/www.juanjaula.cl\/index.php?rest_route=\/wp\/v2\/types\/page"}],"author":[{"embeddable":true,"href":"https:\/\/www.juanjaula.cl\/index.php?rest_route=\/wp\/v2\/users\/2"}],"replies":[{"embeddable":true,"href":"https:\/\/www.juanjaula.cl\/index.php?rest_route=%2Fwp%2Fv2%2Fcomments&post=34"}],"version-history":[{"count":3,"href":"https:\/\/www.juanjaula.cl\/index.php?rest_route=\/wp\/v2\/pages\/34\/revisions"}],"predecessor-version":[{"id":103,"href":"https:\/\/www.juanjaula.cl\/index.php?rest_route=\/wp\/v2\/pages\/34\/revisions\/103"}],"wp:attachment":[{"href":"https:\/\/www.juanjaula.cl\/index.php?rest_route=%2Fwp%2Fv2%2Fmedia&parent=34"}],"curies":[{"name":"wp","href":"https:\/\/api.w.org\/{rel}","templated":true}]}}

<figure class="wp-block-image size-large"><img loading="lazy" decoding="async" width="1024" height="567" src="https://www.juanjaula.cl/wp-content/uploads/2025/07/06-1024x567.png" alt="" class="wp-image-89" srcset="https://www.juanjaula.cl/wp-content/uploads/2025/07/06-1024x567.png 1024w, https://www.juanjaula.cl/wp-content/uploads/2025/07/06-300x166.png 300w, https://www.juanjaula.cl/wp-content/uploads/2025/07/06-768x425.png 768w, https://www.juanjaula.cl/wp-content/uploads/2025/07/06.png 1351w" sizes="auto, (max-width: 1024px) 100vw, 1024px" /></figure>



<h4 class="wp-block-heading"><em>“El arte no es algo que haga una sola persona, sino un proceso puesto en movimiento por muchos”</em>. <em>(John Cage)</em></h4>



<h4 class="wp-block-heading">&nbsp;</h4>



<h4 class="wp-block-heading">Este proyecto pretende indagar en la concepción de lo comunitario como sujetos insertos en un proceso de creciente individualización. En las culturas milenarias lo habitado se materializaba en un centro común, una referencia tanto al símbolo atávico del fuego como a la parábola de la caverna de Platón.</h4>



<figure class="wp-block-embed is-type-video is-provider-vimeo wp-block-embed-vimeo wp-embed-aspect-16-9 wp-has-aspect-ratio"><div class="wp-block-embed__wrapper">
<iframe loading="lazy" title="Concomitancia(s) - Colectivo Juan Jaula" src="https://player.vimeo.com/video/1065687949?dnt=1&amp;app_id=122963" width="500" height="281" frameborder="0" allow="autoplay; fullscreen; picture-in-picture; clipboard-write; encrypted-media; web-share" referrerpolicy="strict-origin-when-cross-origin"></iframe>
</div></figure>



<h4 class="wp-block-heading">Mediante la creación de un espacio concéntrico, se busca evidenciar la individualidad del sujeto ante la carencia de un habitar comunitario. Dicho espacio ─que permanece en total oscuridad─ sólo se activa cuando el individuo interactúa en la sala, activando –con su movimiento- la luz y el sonido de cada péndulo a medida que observa la proyección de su cuerpo en un paisaje dinámico que traduce la(s) sombra(s) en huella(s) variable(s).</h4>



<figure class="wp-block-image size-large is-resized"><img loading="lazy" decoding="async" width="1024" height="580" src="https://www.juanjaula.cl/wp-content/uploads/2025/07/Captura-de-pantalla-2015-11-30-23.49.40-1024x580.jpg" alt="" class="wp-image-85" style="aspect-ratio:4/3;object-fit:cover;width:1340px" srcset="https://www.juanjaula.cl/wp-content/uploads/2025/07/Captura-de-pantalla-2015-11-30-23.49.40-1024x580.jpg 1024w, https://www.juanjaula.cl/wp-content/uploads/2025/07/Captura-de-pantalla-2015-11-30-23.49.40-300x170.jpg 300w, https://www.juanjaula.cl/wp-content/uploads/2025/07/Captura-de-pantalla-2015-11-30-23.49.40-768x435.jpg 768w, https://www.juanjaula.cl/wp-content/uploads/2025/07/Captura-de-pantalla-2015-11-30-23.49.40.jpg 1340w" sizes="auto, (max-width: 1024px) 100vw, 1024px" /></figure>



<h4 class="wp-block-heading">La condición inicial de la sala es oscuridad y pulsión pendular continua y la condición óptima resulta de la activación de los 8 dispositivos simultáneamente. Es en su condición óptima de activación cuando se crea un escenario liberado de la individualidad del sujeto a través del desvanecimiento progresivo de las sombras. La manifestación lumínica de la totalidad del espacio y la construcción sonora de los 16 tonos puros, se manifiestan como ejes constitutivos de la proximidad con el otro.</h4>



<figure class="wp-block-image size-large"><img loading="lazy" decoding="async" width="1024" height="575" src="https://www.juanjaula.cl/wp-content/uploads/2025/07/CONCOMITANCIAS-MACArchivo2-1024x575.jpg" alt="" class="wp-image-84" srcset="https://www.juanjaula.cl/wp-content/uploads/2025/07/CONCOMITANCIAS-MACArchivo2-1024x575.jpg 1024w, https://www.juanjaula.cl/wp-content/uploads/2025/07/CONCOMITANCIAS-MACArchivo2-300x169.jpg 300w, https://www.juanjaula.cl/wp-content/uploads/2025/07/CONCOMITANCIAS-MACArchivo2-768x432.jpg 768w, https://www.juanjaula.cl/wp-content/uploads/2025/07/CONCOMITANCIAS-MACArchivo2.jpg 1358w" sizes="auto, (max-width: 1024px) 100vw, 1024px" /></figure>



<figure class="wp-block-image size-full"><img loading="lazy" decoding="async" width="960" height="960" src="https://www.juanjaula.cl/wp-content/uploads/2025/07/12289460_707008256066527_3784598291373253498_n.jpg" alt="" class="wp-image-87" srcset="https://www.juanjaula.cl/wp-content/uploads/2025/07/12289460_707008256066527_3784598291373253498_n.jpg 960w, https://www.juanjaula.cl/wp-content/uploads/2025/07/12289460_707008256066527_3784598291373253498_n-300x300.jpg 300w, https://www.juanjaula.cl/wp-content/uploads/2025/07/12289460_707008256066527_3784598291373253498_n-150x150.jpg 150w, https://www.juanjaula.cl/wp-content/uploads/2025/07/12289460_707008256066527_3784598291373253498_n-768x768.jpg 768w" sizes="auto, (max-width: 960px) 100vw, 960px" /></figure>



<figure class="wp-block-embed is-type-video is-provider-vimeo wp-block-embed-vimeo wp-embed-aspect-16-9 wp-has-aspect-ratio"><div class="wp-block-embed__wrapper">
<iframe loading="lazy" title="Montaje Concomitancia(s) (2015)" src="https://player.vimeo.com/video/147274104?dnt=1&amp;app_id=122963" width="500" height="281" frameborder="0" allow="autoplay; fullscreen; picture-in-picture; clipboard-write; encrypted-media; web-share" referrerpolicy="strict-origin-when-cross-origin"></iframe>
</div></figure>

<p>“El arte no es algo que haga una sola persona, sino un proceso puesto en movimiento por muchos”. (John Cage) &nbsp; Este proyecto pretende indagar en la concepción de lo comunitario como sujetos insertos en un proceso de creciente individualización. En las culturas milenarias lo habitado se materializaba en un centro común, una referencia tanto [&hellip;]</p>
