{"id":43,"date":"2020-06-01T18:03:32","date_gmt":"2020-06-01T21:03:32","guid":{"rendered":"http:\/\/juanjaula.cl\/?page_id=43"},"modified":"2025-08-07T23:28:50","modified_gmt":"2025-08-07T23:28:50","slug":"memoria-transiente","status":"publish","type":"page","link":"https:\/\/www.juanjaula.cl\/?page_id=43","title":{"rendered":"MEMORIA TRANSIENTE"},"content":{"rendered":"\n<figure class=\"wp-block-image size-full\"><img loading=\"lazy\" decoding=\"async\" width=\"900\" height=\"600\" src=\"https:\/\/www.juanjaula.cl\/wp-content\/uploads\/2025\/07\/MEMORIATRANSTIENTE03.jpg\" alt=\"\" class=\"wp-image-80\" srcset=\"https:\/\/www.juanjaula.cl\/wp-content\/uploads\/2025\/07\/MEMORIATRANSTIENTE03.jpg 900w, https:\/\/www.juanjaula.cl\/wp-content\/uploads\/2025\/07\/MEMORIATRANSTIENTE03-300x200.jpg 300w, https:\/\/www.juanjaula.cl\/wp-content\/uploads\/2025\/07\/MEMORIATRANSTIENTE03-768x512.jpg 768w\" sizes=\"auto, (max-width: 900px) 100vw, 900px\" \/><\/figure>\n\n\n\n<h3 class=\"wp-block-heading\">Memoria Transiente es parte de un proceso exploratorio de algunos espacios ruina de Valpara\u00edso, dispuestos a la especulaci\u00f3n, a los procesos de transformaci\u00f3n y a la gentrificaci\u00f3n urbana. Nos preguntamos que es lo que queda de ellos en la inmutabilidad de su materia y a trav\u00e9s de la activaci\u00f3n sonora, develamos lo inmaterial de su consistencia. En cada espacio se obtiene un timbre propio, una individualidad sonora materializada a trav\u00e9s del tiempo y la reverberaci\u00f3n.<\/h3>\n\n\n\n<figure class=\"wp-block-embed is-type-video is-provider-vimeo wp-block-embed-vimeo wp-embed-aspect-16-9 wp-has-aspect-ratio\"><div class=\"wp-block-embed__wrapper\">\n<iframe loading=\"lazy\" title=\"Memoria Transiente - Festival Tsonami 2015\" src=\"https:\/\/player.vimeo.com\/video\/1108264020?dnt=1&amp;app_id=122963\" width=\"500\" height=\"281\" frameborder=\"0\" allow=\"autoplay; fullscreen; picture-in-picture; clipboard-write; encrypted-media; web-share\" referrerpolicy=\"strict-origin-when-cross-origin\"><\/iframe>\n<\/div><\/figure>\n\n\n\n<h3 class=\"wp-block-heading\">Elegimos el Sitio Estanque del Cerro C\u00e1rcel, puesto que se presenta como una ruina fr\u00e1gil y expuesta a la intervenci\u00f3n urbana. Su futuro es incierto, entregado a un destino tan azaroso como la intervenci\u00f3n realizada. La activaci\u00f3n de este espacio se realiza mediante ruido impulsivo. La composici\u00f3n resultante se libera del gusto personal, de los h\u00e1bitos musicales, del juicio y de la acumulaci\u00f3n de ideas de los miembros del colectivo. El azar y un pulso constante dicta la sonoridad activada. Un juego de cartas compone la intermitencia de los impulsos, cualifica la percepci\u00f3n del espacio y evoca reminiscencias sonoras de un posible futuro, pero tambi\u00e9n de un pasado olvidado.<\/h3>\n\n\n\n<figure class=\"wp-block-image size-full\"><img loading=\"lazy\" decoding=\"async\" width=\"900\" height=\"600\" src=\"https:\/\/www.juanjaula.cl\/wp-content\/uploads\/2025\/07\/MEMORIATRANSTIENTE04.jpg\" alt=\"\" class=\"wp-image-79\" srcset=\"https:\/\/www.juanjaula.cl\/wp-content\/uploads\/2025\/07\/MEMORIATRANSTIENTE04.jpg 900w, https:\/\/www.juanjaula.cl\/wp-content\/uploads\/2025\/07\/MEMORIATRANSTIENTE04-300x200.jpg 300w, https:\/\/www.juanjaula.cl\/wp-content\/uploads\/2025\/07\/MEMORIATRANSTIENTE04-768x512.jpg 768w\" sizes=\"auto, (max-width: 900px) 100vw, 900px\" \/><\/figure>\n\n\n\n<figure class=\"wp-block-image size-full\"><img loading=\"lazy\" decoding=\"async\" width=\"900\" height=\"600\" src=\"https:\/\/www.juanjaula.cl\/wp-content\/uploads\/2025\/07\/MEMORIATRANSTIENTE02.jpg\" alt=\"\" class=\"wp-image-81\" srcset=\"https:\/\/www.juanjaula.cl\/wp-content\/uploads\/2025\/07\/MEMORIATRANSTIENTE02.jpg 900w, https:\/\/www.juanjaula.cl\/wp-content\/uploads\/2025\/07\/MEMORIATRANSTIENTE02-300x200.jpg 300w, https:\/\/www.juanjaula.cl\/wp-content\/uploads\/2025\/07\/MEMORIATRANSTIENTE02-768x512.jpg 768w\" sizes=\"auto, (max-width: 900px) 100vw, 900px\" \/><\/figure>\n\n\n\n<p><a href=\"http:\/\/www.elmartutino.cl\/noticia\/listado\/tsonami-2015-colectivo-juan-jaula-activara-el-eco-de-un-recinto-abandonado-de-valpar\" target=\"_blank\" rel=\"noreferrer noopener\">Revisa la nota publicada por El Martutino<\/a><\/p>\n\n\n\n<figure class=\"wp-block-image size-full\"><img loading=\"lazy\" decoding=\"async\" width=\"650\" height=\"277\" src=\"https:\/\/www.juanjaula.cl\/wp-content\/uploads\/2025\/08\/bannertsonami.jpg\" alt=\"\" class=\"wp-image-118\" srcset=\"https:\/\/www.juanjaula.cl\/wp-content\/uploads\/2025\/08\/bannertsonami.jpg 650w, https:\/\/www.juanjaula.cl\/wp-content\/uploads\/2025\/08\/bannertsonami-300x128.jpg 300w\" sizes=\"auto, (max-width: 650px) 100vw, 650px\" \/><\/figure>\n","protected":false},"excerpt":{"rendered":"<p>Memoria Transiente es parte de un proceso exploratorio de algunos espacios ruina de Valpara\u00edso, dispuestos a la especulaci\u00f3n, a los procesos de transformaci\u00f3n y a la gentrificaci\u00f3n urbana. Nos preguntamos que es lo que queda de ellos en la inmutabilidad de su materia y a trav\u00e9s de la activaci\u00f3n sonora, develamos lo inmaterial de su [&hellip;]<\/p>\n","protected":false},"author":2,"featured_media":0,"parent":0,"menu_order":0,"comment_status":"closed","ping_status":"closed","template":"","meta":{"footnotes":""},"class_list":["post-43","page","type-page","status-publish","hentry"],"_links":{"self":[{"href":"https:\/\/www.juanjaula.cl\/index.php?rest_route=\/wp\/v2\/pages\/43","targetHints":{"allow":["GET"]}}],"collection":[{"href":"https:\/\/www.juanjaula.cl\/index.php?rest_route=\/wp\/v2\/pages"}],"about":[{"href":"https:\/\/www.juanjaula.cl\/index.php?rest_route=\/wp\/v2\/types\/page"}],"author":[{"embeddable":true,"href":"https:\/\/www.juanjaula.cl\/index.php?rest_route=\/wp\/v2\/users\/2"}],"replies":[{"embeddable":true,"href":"https:\/\/www.juanjaula.cl\/index.php?rest_route=%2Fwp%2Fv2%2Fcomments&post=43"}],"version-history":[{"count":4,"href":"https:\/\/www.juanjaula.cl\/index.php?rest_route=\/wp\/v2\/pages\/43\/revisions"}],"predecessor-version":[{"id":119,"href":"https:\/\/www.juanjaula.cl\/index.php?rest_route=\/wp\/v2\/pages\/43\/revisions\/119"}],"wp:attachment":[{"href":"https:\/\/www.juanjaula.cl\/index.php?rest_route=%2Fwp%2Fv2%2Fmedia&parent=43"}],"curies":[{"name":"wp","href":"https:\/\/api.w.org\/{rel}","templated":true}]}}

<figure class="wp-block-image size-full"><img loading="lazy" decoding="async" width="900" height="600" src="https://www.juanjaula.cl/wp-content/uploads/2025/07/MEMORIATRANSTIENTE03.jpg" alt="" class="wp-image-80" srcset="https://www.juanjaula.cl/wp-content/uploads/2025/07/MEMORIATRANSTIENTE03.jpg 900w, https://www.juanjaula.cl/wp-content/uploads/2025/07/MEMORIATRANSTIENTE03-300x200.jpg 300w, https://www.juanjaula.cl/wp-content/uploads/2025/07/MEMORIATRANSTIENTE03-768x512.jpg 768w" sizes="auto, (max-width: 900px) 100vw, 900px" /></figure>



<h3 class="wp-block-heading">Memoria Transiente es parte de un proceso exploratorio de algunos espacios ruina de Valparaíso, dispuestos a la especulación, a los procesos de transformación y a la gentrificación urbana. Nos preguntamos que es lo que queda de ellos en la inmutabilidad de su materia y a través de la activación sonora, develamos lo inmaterial de su consistencia. En cada espacio se obtiene un timbre propio, una individualidad sonora materializada a través del tiempo y la reverberación.</h3>



<figure class="wp-block-embed is-type-video is-provider-vimeo wp-block-embed-vimeo wp-embed-aspect-16-9 wp-has-aspect-ratio"><div class="wp-block-embed__wrapper">
<iframe loading="lazy" title="Memoria Transiente - Festival Tsonami 2015" src="https://player.vimeo.com/video/1108264020?dnt=1&amp;app_id=122963" width="500" height="281" frameborder="0" allow="autoplay; fullscreen; picture-in-picture; clipboard-write; encrypted-media; web-share" referrerpolicy="strict-origin-when-cross-origin"></iframe>
</div></figure>



<h3 class="wp-block-heading">Elegimos el Sitio Estanque del Cerro Cárcel, puesto que se presenta como una ruina frágil y expuesta a la intervención urbana. Su futuro es incierto, entregado a un destino tan azaroso como la intervención realizada. La activación de este espacio se realiza mediante ruido impulsivo. La composición resultante se libera del gusto personal, de los hábitos musicales, del juicio y de la acumulación de ideas de los miembros del colectivo. El azar y un pulso constante dicta la sonoridad activada. Un juego de cartas compone la intermitencia de los impulsos, cualifica la percepción del espacio y evoca reminiscencias sonoras de un posible futuro, pero también de un pasado olvidado.</h3>



<figure class="wp-block-image size-full"><img loading="lazy" decoding="async" width="900" height="600" src="https://www.juanjaula.cl/wp-content/uploads/2025/07/MEMORIATRANSTIENTE04.jpg" alt="" class="wp-image-79" srcset="https://www.juanjaula.cl/wp-content/uploads/2025/07/MEMORIATRANSTIENTE04.jpg 900w, https://www.juanjaula.cl/wp-content/uploads/2025/07/MEMORIATRANSTIENTE04-300x200.jpg 300w, https://www.juanjaula.cl/wp-content/uploads/2025/07/MEMORIATRANSTIENTE04-768x512.jpg 768w" sizes="auto, (max-width: 900px) 100vw, 900px" /></figure>



<figure class="wp-block-image size-full"><img loading="lazy" decoding="async" width="900" height="600" src="https://www.juanjaula.cl/wp-content/uploads/2025/07/MEMORIATRANSTIENTE02.jpg" alt="" class="wp-image-81" srcset="https://www.juanjaula.cl/wp-content/uploads/2025/07/MEMORIATRANSTIENTE02.jpg 900w, https://www.juanjaula.cl/wp-content/uploads/2025/07/MEMORIATRANSTIENTE02-300x200.jpg 300w, https://www.juanjaula.cl/wp-content/uploads/2025/07/MEMORIATRANSTIENTE02-768x512.jpg 768w" sizes="auto, (max-width: 900px) 100vw, 900px" /></figure>



<p><a href="http://www.elmartutino.cl/noticia/listado/tsonami-2015-colectivo-juan-jaula-activara-el-eco-de-un-recinto-abandonado-de-valpar" target="_blank" rel="noreferrer noopener">Revisa la nota publicada por El Martutino</a></p>



<figure class="wp-block-image size-full"><img loading="lazy" decoding="async" width="650" height="277" src="https://www.juanjaula.cl/wp-content/uploads/2025/08/bannertsonami.jpg" alt="" class="wp-image-118" srcset="https://www.juanjaula.cl/wp-content/uploads/2025/08/bannertsonami.jpg 650w, https://www.juanjaula.cl/wp-content/uploads/2025/08/bannertsonami-300x128.jpg 300w" sizes="auto, (max-width: 650px) 100vw, 650px" /></figure>

<p>Memoria Transiente es parte de un proceso exploratorio de algunos espacios ruina de Valparaíso, dispuestos a la especulación, a los procesos de transformación y a la gentrificación urbana. Nos preguntamos que es lo que queda de ellos en la inmutabilidad de su materia y a través de la activación sonora, develamos lo inmaterial de su [&hellip;]</p>
